{"version":"1.0","provider_name":"OIBCA","provider_url":"https:\/\/oibca.gob.ar\/main","author_name":"c2351037","author_url":"https:\/\/oibca.gob.ar\/main\/author\/c2351037\/","title":"Charla sobre Tenencia Responsable de Mascotas - OIBCA","type":"rich","width":600,"height":338,"html":"<blockquote class=\"wp-embedded-content\" data-secret=\"WR7hrVp34b\"><a href=\"https:\/\/oibca.gob.ar\/main\/charla-sobre-tenencia-responsable-de-mascotas-2\/\">Charla sobre Tenencia Responsable de Mascotas<\/a><\/blockquote><iframe sandbox=\"allow-scripts\" security=\"restricted\" src=\"https:\/\/oibca.gob.ar\/main\/charla-sobre-tenencia-responsable-de-mascotas-2\/embed\/#?secret=WR7hrVp34b\" width=\"600\" height=\"338\" title=\"\u00abCharla sobre Tenencia Responsable de Mascotas\u00bb \u2014 OIBCA\" data-secret=\"WR7hrVp34b\" frameborder=\"0\" marginwidth=\"0\" marginheight=\"0\" scrolling=\"no\" class=\"wp-embedded-content\"><\/iframe><script>\n\/*! This file is auto-generated *\/\n!function(d,l){\"use strict\";l.querySelector&&d.addEventListener&&\"undefined\"!=typeof URL&&(d.wp=d.wp||{},d.wp.receiveEmbedMessage||(d.wp.receiveEmbedMessage=function(e){var t=e.data;if((t||t.secret||t.message||t.value)&&!\/[^a-zA-Z0-9]\/.test(t.secret)){for(var s,r,n,a=l.querySelectorAll('iframe[data-secret=\"'+t.secret+'\"]'),o=l.querySelectorAll('blockquote[data-secret=\"'+t.secret+'\"]'),c=new RegExp(\"^https?:$\",\"i\"),i=0;i<o.length;i++)o[i].style.display=\"none\";for(i=0;i<a.length;i++)s=a[i],e.source===s.contentWindow&&(s.removeAttribute(\"style\"),\"height\"===t.message?(1e3<(r=parseInt(t.value,10))?r=1e3:~~r<200&&(r=200),s.height=r):\"link\"===t.message&&(r=new URL(s.getAttribute(\"src\")),n=new URL(t.value),c.test(n.protocol))&&n.host===r.host&&l.activeElement===s&&(d.top.location.href=t.value))}},d.addEventListener(\"message\",d.wp.receiveEmbedMessage,!1),l.addEventListener(\"DOMContentLoaded\",function(){for(var e,t,s=l.querySelectorAll(\"iframe.wp-embedded-content\"),r=0;r<s.length;r++)(t=(e=s[r]).getAttribute(\"data-secret\"))||(t=Math.random().toString(36).substring(2,12),e.src+=\"#?secret=\"+t,e.setAttribute(\"data-secret\",t)),e.contentWindow.postMessage({message:\"ready\",secret:t},\"*\")},!1)))}(window,document);\n\/\/# sourceURL=https:\/\/oibca.gob.ar\/main\/wp-includes\/js\/wp-embed.min.js\n<\/script>\n","thumbnail_url":"https:\/\/oibca.gob.ar\/main\/wp-content\/uploads\/2024\/09\/Charla-sobre-Tenencia-Responsable-de-Mascotas3.jpg","thumbnail_width":1080,"thumbnail_height":720,"description":"Hoy tempranito se realiz\u00f3 la charla abierta a todo p\u00fablico sobre tenencia responsable de mascotas en el Anfiteatro Municipal de Carnerillo. Adem\u00e1s, contamos con la asistencia especial del Centro Educativo San Jos\u00e9 de Calasanz. El objetivo es concientizar sobre la tenencia responsable de mascotas e invitar a toda la comunidad a la Jornada de Vacunaci\u00f3n [&hellip;]"}

Hoy tempranito se realizó la charla abierta a todo público sobre tenencia responsable de mascotas en el Anfiteatro Municipal de Carnerillo. Además, contamos con la asistencia especial del Centro Educativo San José de Calasanz. El objetivo es concientizar sobre la tenencia responsable de mascotas e invitar a toda la comunidad a la Jornada de Vacunación [&hellip;]
